{"id":115,"date":"2024-03-22T20:47:50","date_gmt":"2024-03-22T20:47:50","guid":{"rendered":"https:\/\/uwi.com.ar\/?page_id=115"},"modified":"2024-04-10T17:21:37","modified_gmt":"2024-04-10T17:21:37","slug":"plan-disfrutar","status":"publish","type":"page","link":"https:\/\/uwi.com.ar\/index.php\/plan-disfrutar\/","title":{"rendered":"Plan Disfrutar"},"content":{"rendered":"<div class=\"wpb-content-wrapper\"><p>[vc_row max_width=&#8221;1200&#8243; css_animation=&#8221;none&#8221; css=&#8221;.vc_custom_1712769552681{border-top-width: 5px !important;border-right-width: 5px !important;border-bottom-width: 5px !important;border-left-width: 5px !important;padding-top: 12px !important;padding-right: 12px !important;padding-bottom: 12px !important;padding-left: 12px !important;}&#8221;][vc_column width=&#8221;1\/6&#8243;][\/vc_column][vc_column width=&#8221;2\/3&#8243; css=&#8221;.vc_custom_1710878142600{margin-top: 0px !important;margin-right: 0px !important;margin-bottom: 0px !important;margin-left: 0px !important;border-top-width: 2px !important;border-right-width: 2px !important;border-bottom-width: 2px !important;border-left-width: 2px !important;padding-top: 12px !important;padding-right: 12px !important;padding-bottom: 12px !important;padding-left: 12px !important;background-color: #ffffff !important;border-left-color: #fffef9 !important;border-left-style: solid !important;border-right-color: #fffef9 !important;border-right-style: solid !important;border-top-color: #fffef9 !important;border-top-style: solid !important;border-bottom-color: #fffef9 !important;border-bottom-style: solid !important;border-radius: 30px !important;}&#8221;][vc_column_text]<img loading=\"lazy\" decoding=\"async\" class=\"aligncenter size-full wp-image-190\" src=\"https:\/\/uwi.com.ar\/wp-content\/uploads\/2024\/04\/internet-uwi-socorro-viendo-tele.jpg\" alt=\"\" width=\"505\" height=\"336\" srcset=\"https:\/\/uwi.com.ar\/wp-content\/uploads\/2024\/04\/internet-uwi-socorro-viendo-tele.jpg 609w, https:\/\/uwi.com.ar\/wp-content\/uploads\/2024\/04\/internet-uwi-socorro-viendo-tele-300x200.jpg 300w\" sizes=\"auto, (max-width: 505px) 100vw, 505px\" \/>[\/vc_column_text][vc_empty_space height=&#8221;25px&#8221;][vc_column_text]<\/p>\n<h2 style=\"text-align: center;\"><strong><span style=\"color: #471aa0;\">DISFRUTAR<\/span><\/strong><\/h2>\n<p>[\/vc_column_text][vc_empty_space height=&#8221;25px&#8221;][vc_column_text]<\/p>\n<p style=\"text-align: center;\"><span style=\"font-weight: 400;\">Dise\u00f1ado para tener una vida digital activa. Utilizar redes sociales, realizar compras por internet, ver pel\u00edculas a cualquier hora, estar comunicado con todo el mundo.<\/span><\/p>\n<p>[\/vc_column_text][vc_empty_space height=&#8221;25px&#8221;][vc_column_text]<\/p>\n<p style=\"text-align: center;\"><span style=\"font-weight: 400;\"><strong><span style=\"color: #ffcc00;\">&gt;<\/span> Baja Prioridad<\/strong> en el env\u00edo y recepci\u00f3n de informaci\u00f3n<br \/>\n<\/span><span style=\"font-weight: 400;\"><strong><span style=\"color: #ffcc00;\">&gt;<\/span> Soporte Presencial<\/strong> Est\u00e1ndar<br \/>\n<\/span><span style=\"font-weight: 400;\"><strong><span style=\"color: #ffcc00;\">&gt;<\/span> 300 GB<\/strong> de Tr\u00e1fico Mensual Incluido<\/span><\/p>\n<p style=\"text-align: center;\"><span style=\"font-weight: 400;\"><strong><span style=\"color: #ffcc00;\">&gt;<\/span> Hasta 20 Mbps<\/strong> de Velocidad M\u00e1xima Disponible<br \/>\n<\/span><span style=\"font-weight: 400;\"><strong><span style=\"color: #ffcc00;\">&gt;<\/span> Velocidad M\u00ednima<\/strong> de 2 Mbps<br \/>\n<\/span><span style=\"font-weight: 400;\"><strong><span style=\"color: #ffcc00;\">&gt;<\/span> Disponibilidad 99%<\/strong> medida anualmente<\/span><\/p>\n<p>[\/vc_column_text][vc_empty_space height=&#8221;25px&#8221;][vc_empty_space height=&#8221;25px&#8221;][vc_empty_space height=&#8221;45px&#8221;][vc_empty_space height=&#8221;45px&#8221;][\/vc_column][vc_column width=&#8221;1\/6&#8243;][\/vc_column][\/vc_row][vc_row][vc_column][vc_column_text]<\/p>\n<p>[\/vc_column_text][\/vc_column][\/vc_row][vc_row type=&#8221;full-nopad&#8221; css=&#8221;.vc_custom_1711141003451{background-color: #471aa0 !important;}&#8221;][vc_column width=&#8221;1\/4&#8243;][vc_empty_space height=&#8221;45px&#8221;][\/vc_column][vc_column width=&#8221;1\/2&#8243;][vc_empty_space height=&#8221;45px&#8221;][vc_column_text]<\/p>\n<h3 class=\"vc_custom_heading us_custom_6745946f\" style=\"text-align: center;\"><span style=\"color: #ffffff;\">Contactanos!<\/span><\/h3>\n<p>[\/vc_column_text][vc_empty_space height=&#8221;35px&#8221;]\n<div class=\"wpcf7 no-js\" id=\"wpcf7-f7-o1\" lang=\"en-US\" dir=\"ltr\" data-wpcf7-id=\"7\">\n<div class=\"screen-reader-response\"><p role=\"status\" aria-live=\"polite\" aria-atomic=\"true\"><\/p> <ul><\/ul><\/div>\n<form action=\"\/index.php\/wp-json\/wp\/v2\/pages\/115#wpcf7-f7-o1\" method=\"post\" class=\"wpcf7-form init\" aria-label=\"Contact form\" novalidate=\"novalidate\" data-status=\"init\">\n<fieldset class=\"hidden-fields-container\"><input type=\"hidden\" name=\"_wpcf7\" value=\"7\" \/><input type=\"hidden\" name=\"_wpcf7_version\" value=\"6.1.5\" \/><input type=\"hidden\" name=\"_wpcf7_locale\" value=\"en_US\" \/><input type=\"hidden\" name=\"_wpcf7_unit_tag\" value=\"wpcf7-f7-o1\" \/><input type=\"hidden\" name=\"_wpcf7_container_post\" value=\"0\" \/><input type=\"hidden\" name=\"_wpcf7_posted_data_hash\" value=\"\" \/><input type=\"hidden\" name=\"_wpcf7dtx_version\" value=\"5.0.5\" \/>\n<\/fieldset>\n<p><span class=\"wpcf7-form-control-wrap\" data-name=\"your-name\"><input size=\"40\" maxlength=\"400\" class=\"wpcf7-form-control wpcf7-text wpcf7-validates-as-required\" aria-required=\"true\" aria-invalid=\"false\" placeholder=\"Nombre\" value=\"\" type=\"text\" name=\"your-name\" \/><\/span>\n<\/p>\n<p><span class=\"wpcf7-form-control-wrap\" data-name=\"your-localidad\"><input size=\"40\" maxlength=\"400\" class=\"wpcf7-form-control wpcf7-text wpcf7-validates-as-required\" aria-required=\"true\" aria-invalid=\"false\" placeholder=\"Localidad\" value=\"\" type=\"text\" name=\"your-localidad\" \/><\/span>\n<\/p>\n<p><span class=\"wpcf7-form-control-wrap\" data-name=\"your-email\"><input size=\"40\" maxlength=\"400\" class=\"wpcf7-form-control wpcf7-email wpcf7-validates-as-required wpcf7-text wpcf7-validates-as-email\" aria-required=\"true\" aria-invalid=\"false\" placeholder=\"E-mail\" value=\"\" type=\"email\" name=\"your-email\" \/><\/span>\n<\/p>\n<p><span class=\"wpcf7-form-control-wrap\" data-name=\"tel-714\"><input size=\"40\" maxlength=\"400\" class=\"wpcf7-form-control wpcf7-tel wpcf7-validates-as-required wpcf7-text wpcf7-validates-as-tel\" aria-required=\"true\" aria-invalid=\"false\" placeholder=\"Telefono\" value=\"\" type=\"tel\" name=\"tel-714\" \/><\/span>\n<\/p>\n<span class=\"wpcf7-form-control-wrap chapter\" data-name=\"chapter\"><input type=\"hidden\" name=\"chapter\" class=\"wpcf7-form-control wpcf7-hidden wpcf7dtx wpcf7dtx-hidden\" aria-invalid=\"false\" value=\"Plan Disfrutar\"><\/span>\n<p><span class=\"wpcf7-form-control-wrap\" data-name=\"textarea-641\"><textarea cols=\"40\" rows=\"10\" maxlength=\"2000\" class=\"wpcf7-form-control wpcf7-textarea\" aria-invalid=\"false\" name=\"textarea-641\">Hola, quisiera realizar una consulta a UWI<\/textarea><\/span>\n<\/p>\n<h4 class=\"vc_custom_heading us_custom_6745946f\" style=\"text-align: center;\"><span style=\"color: #ffffff;\">Para una mejor atenci\u00f3n, localice en este mapa su domicilio:<\/span>\n<\/h4>\n<div id=\"\" class=\"wpcf7-form-control-wrap cf7-google-map-container map-822\" \n  data-name=\"map-822\" \n  data-show-address=\"false\" \n  data-zoom=\"15\" \n  data-clat=\"-33.91392816650205\" \n  data-clng=\"-60.94128564474565\" \n  data-lat=\"-33.9128753148416\" \n  data-lng=\"-60.94172982635499\">\n  <div id=\"cf7-googlemap-map-822\" class=\"cf7-googlemap wpcf7-form-control wpcf7-map cf7-googleMap\"><\/div>\n  <div class=\"cf7-google-map-search\">\n\t\t  <span class=\"dashicons dashicons-search\"><\/span><span class=\"dashicons dashicons-no-alt\"><\/span>\n\t\t<input name=\"search-map-822\" id=\"search-map-822\" value=\"\" class=\"cf7marker-address\" type=\"text\">\n\t<input name=\"zoom-map-822\" id=\"zoom-map-822\" value=\"\" type=\"hidden\">\n\t<input name=\"clat-map-822\" id=\"clat-map-822\" value=\"\" type=\"hidden\">\n\t<input name=\"clng-map-822\" id=\"clng-map-822\" value=\"\" type=\"hidden\">\n\t<input name=\"lat-map-822\" id=\"lat-map-822\" value=\"\" type=\"hidden\">\n\t<input name=\"lng-map-822\" id=\"lng-map-822\" value=\"\" type=\"hidden\">\n\t<input name=\"address-map-822\" id=\"address-map-822\" value=\"\" type=\"hidden\">\n\t<input name=\"map-822\" id=\"map-822\"  class=\"cf7-googlemap-field\" value=\"\" type=\"hidden\">\n\t<input name=\"manual-address-map-822\" id=\"manual-address-map-822\" value=\"false\" type=\"hidden\">\n  <\/div>\n  <span class=\"wpcf7-form-control-wrap map-822\"><\/span>\n  <script type=\"text\/javascript\"><\/script>\n<\/div>\n<p><input class=\"wpcf7-form-control wpcf7-submit has-spinner\" type=\"submit\" value=\"Enviar\" \/>\n<\/p><div class=\"wpcf7-response-output\" aria-hidden=\"true\"><\/div>\n<\/form>\n<\/div>\n[vc_empty_space height=&#8221;45px&#8221;][\/vc_column][vc_column width=&#8221;1\/4&#8243;][\/vc_column][\/vc_row]<\/p>\n<\/div>","protected":false},"excerpt":{"rendered":"<p>[vc_row max_width=&#8221;1200&#8243; css_animation=&#8221;none&#8221; css=&#8221;.vc_custom_1712769552681{border-top-width: 5px !important;border-right-width: 5px !important;border-bottom-width: 5px !important;border-left-width: 5px !important;padding-top: 12px !important;padding-right: 12px !important;padding-bottom: 12px !important;padding-left: 12px !important;}&#8221;][vc_column width=&#8221;1\/6&#8243;][\/vc_column][vc_column width=&#8221;2\/3&#8243; css=&#8221;.vc_custom_1710878142600{margin-top: 0px !important;margin-right: 0px !important;margin-bottom: 0px !important;margin-left: 0px !important;border-top-width: 2px !important;border-right-width: 2px !important;border-bottom-width: 2px !important;border-left-width: 2px !important;padding-top: 12px !important;padding-right: 12px !important;padding-bottom: 12px !important;padding-left: 12px !important;background-color: #ffffff !important;border-left-color: #fffef9 !important;border-left-style: solid !important;border-right-color: #fffef9 !important;border-right-style: &hellip;<\/p>\n","protected":false},"author":1,"featured_media":0,"parent":0,"menu_order":0,"comment_status":"closed","ping_status":"closed","template":"templates\/page-full.php","meta":{"footnotes":""},"class_list":["post-115","page","type-page","status-publish","hentry"],"_links":{"self":[{"href":"https:\/\/uwi.com.ar\/index.php\/wp-json\/wp\/v2\/pages\/115","targetHints":{"allow":["GET"]}}],"collection":[{"href":"https:\/\/uwi.com.ar\/index.php\/wp-json\/wp\/v2\/pages"}],"about":[{"href":"https:\/\/uwi.com.ar\/index.php\/wp-json\/wp\/v2\/types\/page"}],"author":[{"embeddable":true,"href":"https:\/\/uwi.com.ar\/index.php\/wp-json\/wp\/v2\/users\/1"}],"replies":[{"embeddable":true,"href":"https:\/\/uwi.com.ar\/index.php\/wp-json\/wp\/v2\/comments?post=115"}],"version-history":[{"count":9,"href":"https:\/\/uwi.com.ar\/index.php\/wp-json\/wp\/v2\/pages\/115\/revisions"}],"predecessor-version":[{"id":192,"href":"https:\/\/uwi.com.ar\/index.php\/wp-json\/wp\/v2\/pages\/115\/revisions\/192"}],"wp:attachment":[{"href":"https:\/\/uwi.com.ar\/index.php\/wp-json\/wp\/v2\/media?parent=115"}],"curies":[{"name":"wp","href":"https:\/\/api.w.org\/{rel}","templated":true}]}}